{"id":6652,"date":"2017-10-17T14:55:16","date_gmt":"2017-10-17T12:55:16","guid":{"rendered":"http:\/\/gargantadelosmontes.es\/turismo\/?page_id=6652"},"modified":"2020-10-10T18:00:26","modified_gmt":"2020-10-10T16:00:26","slug":"fiestas-y-tradiciones","status":"publish","type":"page","link":"https:\/\/www.gargantadelosmontes.es\/index.php\/fiestas-y-tradiciones\/","title":{"rendered":"Fiestas y Tradiciones"},"content":{"rendered":"\t\t<div data-elementor-type=\"wp-page\" data-elementor-id=\"6652\" class=\"elementor elementor-6652 elementor-bc-flex-widget\">\n\t\t\t\t\t\t<section class=\"elementor-section elementor-top-section elementor-element elementor-element-swecyrr elementor-section-boxed elementor-section-height-default elementor-section-height-default\" data-id=\"swecyrr\" data-element_type=\"section\">\n\t\t\t\t\t\t<div class=\"elementor-container elementor-column-gap-default\">\n\t\t\t\t\t<div class=\"elementor-column elementor-col-100 elementor-top-column elementor-element elementor-element-huhixdk\" data-id=\"huhixdk\" data-element_type=\"column\">\n\t\t\t<div class=\"elementor-widget-wrap elementor-element-populated\">\n\t\t\t\t\t\t<div class=\"elementor-element elementor-element-rhadebd elementor-widget elementor-widget-text-editor\" data-id=\"rhadebd\" data-element_type=\"widget\" data-widget_type=\"text-editor.default\">\n\t\t\t\t<div class=\"elementor-widget-container\">\n\t\t\t\t\t\t\t<p>La peculiar cultura desarrollada en Garganta y el Cuadr\u00f3n, viene a representar la esencia de m\u00e1s de siete siglos de historia, cientos de a\u00f1os que han ido esculpiendo una forma de vivir, condicionada por el medio f\u00edsico tan influyente en estas tierras serranas. Gran huella ha dejado el paso por este pueblo del Santo Labrado San Isidro, pues gran parte de las tradiciones populares ha sido enriquecidas por su culto. Una rica historia de milagros, a la que tambi\u00e9n ha contribuido Nuestra Se\u00f1ora de los Prados, proveyendo a los gargante\u00f1os de una gran fidelidad religiosa y de un optimismo y afabilidad especial dentro de la comarca. Todas las expresiones son proyectadas culturamente en multitud de fiestas, costumbres, poes\u00eda popular de caracter oral, tradiciones ligadas a los trabajos genuinos del municipio, e incluso juegos, refranes, chistes, etc.<\/p>\t\t\t\t\t\t<\/div>\n\t\t\t\t<\/div>\n\t\t\t\t\t<\/div>\n\t\t<\/div>\n\t\t\t\t\t<\/div>\n\t\t<\/section>\n\t\t\t\t<section class=\"elementor-section elementor-top-section elementor-element elementor-element-xgoh44x elementor-section-full_width elementor-section-height-default elementor-section-height-default\" data-id=\"xgoh44x\" data-element_type=\"section\">\n\t\t\t\t\t\t<div class=\"elementor-container elementor-column-gap-default\">\n\t\t\t\t\t<div class=\"elementor-column elementor-col-100 elementor-top-column elementor-element elementor-element-6f4m5v5\" data-id=\"6f4m5v5\" data-element_type=\"column\">\n\t\t\t<div class=\"elementor-widget-wrap elementor-element-populated\">\n\t\t\t\t\t\t<section class=\"elementor-section elementor-inner-section elementor-element elementor-element-swqng0l elementor-section-boxed elementor-section-height-default elementor-section-height-default\" data-id=\"swqng0l\" data-element_type=\"section\">\n\t\t\t\t\t\t<div class=\"elementor-container elementor-column-gap-default\">\n\t\t\t\t\t<div class=\"elementor-column elementor-col-33 elementor-inner-column elementor-element elementor-element-o4cgatt\" data-id=\"o4cgatt\" data-element_type=\"column\">\n\t\t\t<div class=\"elementor-widget-wrap elementor-element-populated\">\n\t\t\t\t\t\t<div class=\"elementor-element elementor-element-1pjhpoa elementor-widget elementor-widget-image\" data-id=\"1pjhpoa\" data-element_type=\"widget\" data-widget_type=\"image.default\">\n\t\t\t\t<div class=\"elementor-widget-container\">\n\t\t\t\t\t\t\t\t\t\t\t\t\t\t<a href=\"http:\/\/gargantadelosmontes.es\/turismo\/index.php\/fiestas-populares\/\">\n\t\t\t\t\t\t\t<img decoding=\"async\" src=\"http:\/\/gargantadelosmontes.es\/turismo\/wp-content\/uploads\/2014\/06\/amory3.jpg\" title=\"\" alt=\"\" loading=\"lazy\" \/>\t\t\t\t\t\t\t\t<\/a>\n\t\t\t\t\t\t\t\t\t\t\t\t\t<\/div>\n\t\t\t\t<\/div>\n\t\t\t\t<div class=\"elementor-element elementor-element-a46i8fh elementor-widget elementor-widget-text-editor\" data-id=\"a46i8fh\" data-element_type=\"widget\" data-widget_type=\"text-editor.default\">\n\t\t\t\t<div class=\"elementor-widget-container\">\n\t\t\t\t\t\t\t<p>Fiestas populares<\/p>\t\t\t\t\t\t<\/div>\n\t\t\t\t<\/div>\n\t\t\t\t\t<\/div>\n\t\t<\/div>\n\t\t\t\t<div class=\"elementor-column elementor-col-33 elementor-inner-column elementor-element elementor-element-wihiku1\" data-id=\"wihiku1\" data-element_type=\"column\">\n\t\t\t<div class=\"elementor-widget-wrap elementor-element-populated\">\n\t\t\t\t\t\t<div class=\"elementor-element elementor-element-1qexkhj elementor-widget elementor-widget-image\" data-id=\"1qexkhj\" data-element_type=\"widget\" data-widget_type=\"image.default\">\n\t\t\t\t<div class=\"elementor-widget-container\">\n\t\t\t\t\t\t\t\t\t\t\t\t\t\t<a href=\"http:\/\/gargantadelosmontes.es\/turismo\/index.php\/costumbres\">\n\t\t\t\t\t\t\t<img decoding=\"async\" src=\"http:\/\/gargantadelosmontes.es\/turismo\/wp-content\/uploads\/2016\/05\/newspaper_bg2.jpg\" title=\"\" alt=\"\" loading=\"lazy\" \/>\t\t\t\t\t\t\t\t<\/a>\n\t\t\t\t\t\t\t\t\t\t\t\t\t<\/div>\n\t\t\t\t<\/div>\n\t\t\t\t<div class=\"elementor-element elementor-element-6qo1h4h elementor-widget elementor-widget-text-editor\" data-id=\"6qo1h4h\" data-element_type=\"widget\" data-widget_type=\"text-editor.default\">\n\t\t\t\t<div class=\"elementor-widget-container\">\n\t\t\t\t\t\t\t<p style=\"text-align: center;\">Costumbres<\/p>\t\t\t\t\t\t<\/div>\n\t\t\t\t<\/div>\n\t\t\t\t\t<\/div>\n\t\t<\/div>\n\t\t\t\t<div class=\"elementor-column elementor-col-33 elementor-inner-column elementor-element elementor-element-v2pw28e\" data-id=\"v2pw28e\" data-element_type=\"column\">\n\t\t\t<div class=\"elementor-widget-wrap elementor-element-populated\">\n\t\t\t\t\t\t<div class=\"elementor-element elementor-element-h855lnx elementor-widget elementor-widget-image\" data-id=\"h855lnx\" data-element_type=\"widget\" data-widget_type=\"image.default\">\n\t\t\t\t<div class=\"elementor-widget-container\">\n\t\t\t\t\t\t\t\t\t\t\t\t\t<img decoding=\"async\" src=\"http:\/\/gargantadelosmontes.es\/turismo\/wp-content\/uploads\/2016\/05\/newscarousel4.jpg\" title=\"\" alt=\"\" loading=\"lazy\" \/>\t\t\t\t\t\t\t\t\t\t\t\t\t<\/div>\n\t\t\t\t<\/div>\n\t\t\t\t<div class=\"elementor-element elementor-element-ehudfer elementor-widget elementor-widget-text-editor\" data-id=\"ehudfer\" data-element_type=\"widget\" data-widget_type=\"text-editor.default\">\n\t\t\t\t<div class=\"elementor-widget-container\">\n\t\t\t\t\t\t\t<p style=\"text-align: center;\">Juegos tradicionales<\/p>\t\t\t\t\t\t<\/div>\n\t\t\t\t<\/div>\n\t\t\t\t\t<\/div>\n\t\t<\/div>\n\t\t\t\t\t<\/div>\n\t\t<\/section>\n\t\t\t\t\t<\/div>\n\t\t<\/div>\n\t\t\t\t\t<\/div>\n\t\t<\/section>\n\t\t\t\t<\/div>\n\t\t","protected":false},"excerpt":{"rendered":"<p>La peculiar cultura desarrollada en Garganta y el Cuadr\u00f3n, viene a representar la esencia de m\u00e1s de siete siglos de historia, cientos de a\u00f1os que han ido esculpiendo una forma de vivir, condicionada por el medio f\u00edsico tan influyente en&#8230; <a class=\"more-link\" href=\"https:\/\/www.gargantadelosmontes.es\/index.php\/fiestas-y-tradiciones\/\"> Leer m\u00e1s &rarr;<\/a><\/p>\n","protected":false},"author":1,"featured_media":0,"parent":0,"menu_order":0,"comment_status":"closed","ping_status":"closed","template":"","meta":{"footnotes":""},"class_list":["post-6652","page","type-page","status-publish","hentry"],"_links":{"self":[{"href":"https:\/\/www.gargantadelosmontes.es\/index.php\/wp-json\/wp\/v2\/pages\/6652","targetHints":{"allow":["GET"]}}],"collection":[{"href":"https:\/\/www.gargantadelosmontes.es\/index.php\/wp-json\/wp\/v2\/pages"}],"about":[{"href":"https:\/\/www.gargantadelosmontes.es\/index.php\/wp-json\/wp\/v2\/types\/page"}],"author":[{"embeddable":true,"href":"https:\/\/www.gargantadelosmontes.es\/index.php\/wp-json\/wp\/v2\/users\/1"}],"replies":[{"embeddable":true,"href":"https:\/\/www.gargantadelosmontes.es\/index.php\/wp-json\/wp\/v2\/comments?post=6652"}],"version-history":[{"count":16,"href":"https:\/\/www.gargantadelosmontes.es\/index.php\/wp-json\/wp\/v2\/pages\/6652\/revisions"}],"predecessor-version":[{"id":6677,"href":"https:\/\/www.gargantadelosmontes.es\/index.php\/wp-json\/wp\/v2\/pages\/6652\/revisions\/6677"}],"wp:attachment":[{"href":"https:\/\/www.gargantadelosmontes.es\/index.php\/wp-json\/wp\/v2\/media?parent=6652"}],"curies":[{"name":"wp","href":"https:\/\/api.w.org\/{rel}","templated":true}]}}